List the prime factors of q.
3, 571
Suppose -2*r = -2*z + 92, -8*z - r = -10*z + 88. What are the prime factors of z?
2, 3, 7
Let v(o) = 26*o**3 + 10*o**2 - o - 13. What are the prime factors of v(5)?
2, 1741
Let l(d) = 2*d - 16. Let r(m) = 3*m - 15. Suppose 4*u - 7*u - 6 = 0. Let b(f) = u*l(f) + 3*r(f). What are the prime factors of b(10)?
37
List the prime factors of (358/(-4))/((-2)/8).
2, 179
What are the prime factors of 140/8*(-456)/(-14)?
2, 3, 5, 19
Let u(b) = b**3 + 53*b**2 + 184*b - 58. What are the prime factors of u(-48)?
2, 5, 263
Let d(j) = j + 1. Let m(a) = 4*a - 29. Let u(f) = f - 10. Let k(r) = -6*m(r) + 17*u(r). Let l(c) = d(c) + k(c). List the prime factors of l(-6).
41
Suppose -3*w + 12 = -3. Suppose 4*l - 4*f = 0, 0 = -0*l - w*l + 3*f + 4. Let o(m) = 4*m**2 + 2*m - 1. What are the prime factors of o(l)?
19
Let y = 7 - 8. Let q(x) = -x**3 + x**2. Let o be q(y). Suppose 171 = 5*c - 2*f, c - 25 - 14 = -o*f. List the prime factors of c.
5, 7
Let d = -9 - -13. Let r(t) = -4*t + 0*t**3 - t**3 + 1 - d*t**2 - 13 - 5*t**2. What are the prime factors of r(-9)?
2, 3
Let h(b) = b**2 + b - 2. Let j be h(2). Suppose -9*a + j*a + 110 = 0. What are the prime factors of a?
2, 11
Suppose 0 = 2*w - 3*v - 10, 4*v = -2*w - v + 10. Suppose -2*t - 3*t + w = 0. Let f(a) = 16*a. What are the prime factors of f(t)?
2
Let x(v) = -v**2 + 2*v**3 + 3*v**2 + 2*v - 4*v - 3 - 3*v**3. Let y be x(-1). Let g(p) = 21*p - 2. What are the prime factors of g(y)?
2, 5
Suppose 0 = 4*v - k - 2, -v - 5*k = -2*v - 9. Let d be 140/(-21)*(-2 - v). Let w = d - 15. What are the prime factors of w?
5
Let p be (-12)/54 + (-101)/(-9). Suppose 3*n - 7 = p. Suppose n = t + t. What are the prime factors of t?
3
List the prime factors of (5 - (1 - 1110/3))/2.
11, 17
Let n = -25 + 5. Let y = 26 + n. List the prime factors of y.
2, 3
Suppose -2*h + 6 = 2. Suppose h*o - 33 = 1. List the prime factors of o.
17
Suppose -4276 = 3*m - 5*m - 5*y, 5*m = y + 10663. List the prime factors of m.
3, 79
Let o(s) = s**3 - 6*s**2 + 6*s + 6. Suppose 0 = 114*q - 119*q + 35. List the prime factors of o(q).
97
Let l be (-3 - -4)/(-3 + 2). Let i be 43*(2 - 1) + l. Let s = 77 - i. List the prime factors of s.
5, 7
Let z be 19*12/(5 + -2). Suppose 5*p - 9 = s + 2, p + 3*s = 15. Suppose 0 = -2*t + 4*t - p*x - 63, -4*t + z = 4*x. What are the prime factors of t?
2, 3
Let z = 1192 + -843. What are the prime factors of z?
349
Suppose 2*r + 352 = -2*d + 2216, 5*d + 4*r - 4665 = 0. List the prime factors of d.
937
Suppose 3*t = u - 357 + 2818, 4*t - 3290 = -3*u. What are the prime factors of t?
821
List the prime factors of -3*((-2420)/12 - 2 - -4).
599
What are the prime factors of ((28/5)/(-7))/((-2)/1480)?
2, 37
Suppose -2*s + 1418 = b - 1531, -15 = -3*b. What are the prime factors of s?
2, 23
Let f(r) = -11*r**2 - r - 19. Let p(m) = -32*m**2 - 4*m - 56. Let s(y) = 8*f(y) - 3*p(y). Let i be s(-9). What are the prime factors of (-4)/10 + i/20?
31
Suppose 3*b - 33 = -q, -2*b + 14 = 19*q - 21*q. Suppose -20 - 4 = -3*a. Let z = a + b. What are the prime factors of z?
2, 3
Let r(j) = -j - 4 - 4 + 22 + 7*j. List the prime factors of r(5).
2, 11
Let h = 5 + -3. Let n(y) = 5 - 5*y**2 + h*y + 12*y**2 - 3*y**2. What are the prime factors of n(-4)?
61
Let r be (128/5)/(36/5 - 7). Suppose 3*a + r = 827. List the prime factors of a.
233
Suppose -3*x - 6 + 18 = 0. Let z = 11 - -33. Suppose -d + r = -22, -93 = -5*d - x*r + z. What are the prime factors of d?
5
Let m(f) = -2*f - 5*f**2 - 1 + 4 + 6*f**2. Suppose 2*k + 5*k - 42 = 0. List the prime factors of m(k).
3
Suppose -123643 - 15677 = -36*u. List the prime factors of u.
2, 3, 5, 43
Suppose 27*p - 31*p + 1764 = 0. List the prime factors of p.
3, 7
Let q = -98 + 170. List the prime factors of q.
2, 3
Let j(f) = -f**3 + 4*f**2 + 3*f - 5. Let r(v) be the third derivative of -v**4/24 + 2*v**3/3 - 4*v**2. Let u be r(0). List the prime factors of j(u).
7
Let u(m) = 46*m**2 - 27*m + 83. What are the prime factors of u(3)?
2, 13
Let x(a) = a**3 - 9*a**2 - 5*a + 19. Let k be x(13). Suppose 5*m = 12*m - k. What are the prime factors of m?
2, 3, 5
Let l(k) = -24*k + 10. Suppose 0 = 3*r + u + 8, r - 2*u = 4 - 2. List the prime factors of l(r).
2, 29
Suppose 0 = -3*m - 101 + 104, -5*m + 1391 = 3*d. What are the prime factors of d?
2, 3, 7, 11
List the prime factors of -1 + 5096 - (-33 + 25).
3, 7
Let w(t) = 12*t - 2. Let s be w(3). Let l be 2/4*(0 - 0). Suppose s = 5*u - 3*b - b, l = -5*u - 3*b + 27. What are the prime factors of u?
2, 3
Let d(a) = a. Suppose -m - m - 8 = 0. Let g = -2 - m. List the prime factors of d(g).
2
Let a be 0 + 2 + 20/2. Suppose -a + 6 = -2*f. Suppose 2*o - f = 3. List the prime factors of o.
3
What are the prime factors of (-16)/(-28) - ((-26164)/14)/2?
5, 11, 17
Let z = -999 - -1802. What are the prime factors of z?
11, 73
Let w(q) = 5*q**2 - 12*q + 2 + 1 + 0 + 2*q. List the prime factors of w(5).
2, 3, 13
Suppose -3*u - 185 = 2*u. Suppose y - 42 - 22 = 0. Let z = u + y. What are the prime factors of z?
3
Let y = -7092 - -10349. What are the prime factors of y?
3257
Let v = -10 + 2. List the prime factors of (64/20)/(v/(-580)).
2, 29
Suppose -33880 = -0*j - 11*j. List the prime factors of j.
2, 5, 7, 11
Let z(l) be the second derivative of l**4/12 + l**3/3 + 115*l**2/2 + 19*l. List the prime factors of z(0).
5, 23
Let c = 126 - 81. What are the prime factors of c?
3, 5
Let f = -903 + 2194. List the prime factors of f.
1291
Suppose 0 = 7*g - 2*g - 55. Suppose -12*j + 88 = -g*j. List the prime factors of j.
2, 11
Let f = 6927 + -4026. What are the prime factors of f?
3, 967
Let l(h) = -h**3 - 9*h**2 - 8*h + 8. Let d be l(-8). Let x be (-28)/(-10) + d/(-10). Suppose 129 - 25 = x*s. What are the prime factors of s?
2, 13
Let a = 25 + -45. Let k = 88 + a. What are the prime factors of k?
2, 17
Let z = -27 - -23. List the prime factors of (-58)/(-4) + (-3 - 14/z).
3, 5
Let j(v) = -68*v + 2. Let r = 13 + -15. Let c be j(r). Suppose 4*w - m = 267, 0*w - 4*m + c = 2*w. What are the prime factors of w?
67
Let a = 444 - 113. List the prime factors of a.
331
Suppose -133 = -5*x - j, 44 = -2*x + 4*x + 5*j. Let s be ((16 - 5) + 4)*(-2)/5. Let w = x + s. List the prime factors of w.
3, 7
Let j(n) = -n**3 + 8*n**2 + 3*n - 4. Suppose 10 = -4*q - 2. Let w be (-2 - q)*(2 - -6). What are the prime factors of j(w)?
2, 5
Suppose 5*h + 287 = -2*a - 0*a, 5*a = -5*h - 710. Let u = -82 - a. List the prime factors of u.
59
Let o(r) = r - 6. Let j be o(8). Suppose 159 - 43 = j*q. What are the prime factors of q?
2, 29
Suppose a + 6 = 4*o + 3, 5*a - 4*o = 1. Let d = -4 + a. List the prime factors of -3 + 15 + -2 - d.
13
Suppose 0 = -55*x + 57*x - 2068. List the prime factors of x.
2, 11, 47
Let y(s) = s**3 + 13*s**2 - 16*s - 19. Let b be y(-14). Let w = -7 + b. Suppose -t - w*t = -147. What are the prime factors of t?
7
List the prime factors of 2068/2 + 6 - 5.
3, 5, 23
Suppose -15 = -9*w + 66. What are the prime factors of w?
3
Let m(u) be the first derivative of u**4/4 + 8*u**3/3 + u**2/2 + 5*u - 5. Let z be m(-8). List the prime factors of (-2 - z)/(2/4).
2
Let x = -2526 - -3760. Suppose x = 4*p + 326. List the prime factors of p.
227
Let w(a) = a + 2. Let g be w(-5). Let v be (-3 + (-21)/g)/2. Suppose -4*l + 20 = -v*l. List the prime factors of l.
2, 5
Let y(x) = -3 - 10*x + 2 + 20*x**2 + 0 - 19*x**2. Let n be 13 + -3*6/9. List the prime factors of y(n).
2, 5
Let h = 3085 + -1551. What are the prime factors of h?
2, 13, 59
Suppose 0 = 4*f + 12*g - 11*g - 10998, -5490 = -2*f - 5*g. What are the prime factors of f?
2, 5, 11
Suppose -k = 3*k - 5*h - 528, -k + h + 133 = 0. List the prime factors of k.
137
Let p(d) = -d**3 - 10*d**2 - 10*d + 11. Let l be 1/1*(4 + -2). Suppose c = l*c + 9. What are the prime factors of p(c)?
2, 5
What are the prime factors of (0 + 2)*(-9 + 3785/10)?
739
Let q(f) = f**2 + 10*f + 20. Let c be q(-8). Suppose 2*z + 49 = g + 1, 2*g + c*z - 88 = 0. What are the prime factors of g?
2, 23
Let z(c) = c + 9. Let q be z(-8). Let h be 2*4/2*q. Suppose 0 = -i - h*i + 20. List the prime factors of i.
2
Let p(b) = b**2 - 16*b - 244. List the prime factors of p(-33).
1373
Let b = 19 + -9. Let f(z) = z**3 + 10*z**2 - 2*z + 11. Let y be f(-10). Suppose 0 = -3*